g + 5*p + 5 = -0*g. Suppose -g*k - 2 = -2*o + 39, -26 = -2*o + 2*k. What are the prime factors of o?
2
Suppose 5*j + 20 = -0. Let l(p) = 3 - p**2 - p - 5*p + 2*p. List the prime factors of l(j).
3
Suppose 0 = -5*s + s + 8. Let b = s + 11. What are the prime factors of b?
13
Let z = 129 - 76. List the prime factors of z.
53
Let w(z) = z**3 - 4*z**2 - 15*z - 6. What are the prime factors of w(8)?
2, 5, 13
Suppose 0 = -5*i + 29 - 9, -2*v = -4*i - 4. What are the prime factors of v?
2, 5
Suppose -30*a = -24*a - 750. List the prime factors of a.
5
Let k = 9 + 1. Suppose 0*g + 2*g = k. Suppose -2*f = -2, -5*f + 63 - 13 = g*u. List the prime factors of u.
3
Let n(p) = p**3 - 2*p**2 + 2*p - 4. Let k(v) = -v**2 - 5*v - 3. Let q be k(-3). What are the prime factors of n(q)?
11
Suppose 3*b + 2*d - 10 = 2*b, 3*d - 25 = -4*b. Suppose -b*j - j = -r - 61, 5*j = -r + 69. What are the prime factors of j?
13
Let m = 20 - 0. List the prime factors of m.
2, 5
Suppose v = 4*k + 2*v - 416, 3*k + v - 311 = 0. List the prime factors of k.
3, 5, 7
Suppose 5*n - n = 440. Suppose 4*h = 8, 6*h = 2*g + 5*h - n. What are the prime factors of g?
2, 7
Suppose -g + 4*g - 6 = 0. What are the prime factors of g/(-6) - (-20)/6?
3
Let o(d) = d + 10. Let j be o(-5). Suppose j*b = -14 + 59. What are the prime factors of b?
3
Suppose -89 = -5*t + 256. List the prime factors of t.
3, 23
Let q(y) = 7*y + 2. Let i be q(5). Let x = -23 + i. List the prime factors of x.
2, 7
Let r be -1 + (11 - 2)/3. Suppose r*c = -0*c. Suppose c = 5*w - 0*w - 15. List the prime factors of w.
3
Suppose 0 = -4*m + 14 + 2. Suppose 9*u = m*u. Suppose 30 = -u*x + 2*x - 2*n, 20 = -5*n. List the prime factors of x.
11
Suppose -5*n + 3*p - 135 + 10 = 0, 4*n - 4*p = -100. Let h = -9 - n. Suppose 0 = -w - 0 + h. What are the prime factors of w?
2
Suppose 3*w + 12 = 27. Suppose 2*r = 3*r - w. What are the prime factors of r?
5
What are the prime factors of (1 + -383)*(-5 - (-45)/10)?
191
Let j(p) = 2*p - 6. Let i be (-2)/7 - (-220)/35. What are the prime factors of j(i)?
2, 3
Let l be 3*(-2 + (-3)/(-9)). Let b(i) be the third derivative of -i**5/60 - i**4/6 + 7*i**3/6 - 7*i**2. List the prime factors of b(l).
2
Let y = 187 + -117. List the prime factors of y.
2, 5, 7
Let l(b) = -b**2 - 6 + b**2 - 9*b - b**2. List the prime factors of l(-7).
2
What are the prime factors of (1 + -1 + -2)*-27?
2, 3
Let g(d) = d**3 - 7*d**2 - d + 7. Let s be g(7). Let q = s + 1. Let p = q + 10. List the prime factors of p.
11
Let m = 82 - -17. Let u = m + -65. What are the prime factors of u?
2, 17
Let k be (-1)/(0 + (-2)/4). Let b(p) = p**3 - p**2 + p - 2. Let o be b(k). What are the prime factors of 86/8 + (-3)/o?
2, 5
Suppose 0 = 2*i - 4*i + 8. Suppose 3*a + 7 = i*a. What are the prime factors of a?
7
List the prime factors of 42 - 0*(-1)/3.
2, 3, 7
Let y be (-40)/(-18) + (-2)/9. Suppose -y*q = -4*q + 18. What are the prime factors of q?
3
Let x = 10 - 5. Suppose 3*v + 176 = 4*m + m, 0 = x*m - 4*v - 178. List the prime factors of m.
2, 17
Suppose 2*k = -0 - 2, -5*k = 4*l - 7. Let o(q) = 2*q**3 + q**2 - 2*q - 2. What are the prime factors of o(l)?
5, 11
Suppose 3*p = 7*p - 320. List the prime factors of p.
2, 5
Let a(s) = s**3 - 3*s - 1. Let m be a(3). Suppose 5*u + 1 = q, -u + 4*u - m = -q. What are the prime factors of q?
11
Let r be (-1)/(-2)*-2 - -3. Suppose -m - 2*j + 13 = -15, r*j = m - 8. What are the prime factors of m?
2, 3
Let m(f) be the second derivative of -f**4/12 + f**3/3 + f**2 - f. Let h be m(-2). List the prime factors of ((-4)/6)/(h/45).
5
Suppose -y + 3 - 1 = 0. Suppose 0 = -4*u + y*u + 4. Suppose -u*j = 2*j - 28. List the prime factors of j.
7
Let u(a) = -6*a - 5. Let t(p) = 12*p + 9. Let j(g) = -3*t(g) - 5*u(g). List the prime factors of j(-3).
2
Suppose -o + 193 = 25. What are the prime factors of o?
2, 3, 7
Suppose -p = -0*p. Suppose p = -5*a + 5, x + 2*a - 18 = 5*a. List the prime factors of x.
3, 7
Suppose 3*q = q - 2*p + 282, -5 = -p. What are the prime factors of q?
2, 17
Suppose 6*n = -10 + 82. What are the prime factors of n?
2, 3
Suppose 3*u - u - 18 = -5*f, 5*f + 2 = 3*u. Suppose 0*c = -f*c + 28. What are the prime factors of c?
2, 7
Let s(a) = 5*a. Let n be s(4). Suppose -4*w = -12 + 4. List the prime factors of 45/n*2*w.
3
Let y(t) = -5*t + 2. Let x = 1 + 5. Suppose 10 = -5*o, -3*o - x = p - o. List the prime factors of y(p).
2, 3
Let w(u) = -8*u - 29. List the prime factors of w(-7).
3
Suppose -4*n = 3*n - 553. List the prime factors of n.
79
Let i = -122 + 184. What are the prime factors of i?
2, 31
Let n(d) = -d**2 - 5*d - 2. Let o be n(-4). Suppose 5*x = o + 8. List the prime factors of x.
2
Let a(m) = 4*m + 1. Let y(i) = -3*i. Let l(z) = -2*a(z) - 3*y(z). What are the prime factors of l(8)?
2, 3
Let r = -23 + 35. Let t = r - 10. What are the prime factors of ((-2)/3)/(t/(-54))?
2, 3
Suppose -3*g - 4*y = -46, 2*y = 3*g - 3*y - 37. Let z = 11 - 7. Let b = g + z. List the prime factors of b.
2, 3
Let g(c) be the first derivative of -33*c**2/2 - 1. List the prime factors of g(-1).
3, 11
Let p(y) = 11*y**3 - 2*y**2 + 1. Let a be p(-1). Let d be a/9 + (-1)/(-3). What are the prime factors of d/(-3) - (-29)/3?
2, 5
Let s = 1 - 1. Suppose h - 2*h = s. Suppose -5*k = 3*c - 37, -4*k = -2*c - h*c - 12. List the prime factors of c.
2
Let a(d) be the first derivative of d**3/3 + 2*d**2 + 2*d - 1. Let r be a(-4). Suppose -r*b + 5 = -9. What are the prime factors of b?
7
Suppose 167 = 2*q + r, -3*q + 297 - 53 = -5*r. List the prime factors of q.
83
Suppose 0 = 4*d - 5*n - 13, 3*n + 10 + 2 = 3*d. List the prime factors of d.
7
Let d = 0 - -4. Suppose d*v = v - 36. What are the prime factors of 2/(-8) + (-183)/v?
3, 5
Suppose 0 = -3*d - 5*a + 13 - 38, 0 = -2*d - a - 19. Let l = d + 14. What are the prime factors of l?
2
Let u = -72 - -105. List the prime factors of u.
3, 11
Suppose 2*t = 83 - 13. What are the prime factors of t?
5, 7
Let u = -15 + -8. Let p(s) = -s**3 - s + 35. Let b be p(0). Let m = u + b. List the prime factors of m.
2, 3
Suppose -4*c + 5*c - 20 = 0. List the prime factors of c.
2, 5
Suppose -5*d - 5*m = -1360, 0*d = -2*d + 4*m + 538. List the prime factors of d.
271
Suppose -39 = -3*m - 0. What are the prime factors of m?
13
Suppose 1298 = 4*a + 146. What are the prime factors of a?
2, 3
Let a(m) be the second derivative of m**4/6 + m**3/3 - m**2 - m. List the prime factors of a(-3).
2, 5
Let n(w) = w**2 - 6*w - 2. Let p(z) = -z. Let h be p(-7). Let y be n(h). Let a = 1 + y. What are the prime factors of a?
2, 3
Suppose 0 = -7*i + 28 + 63. What are the prime factors of i?
13
Let v = -6 + 11. Let m be ((-14)/v)/((-2)/(-10)). What are the prime factors of (-74)/m - 2/7?
5
Suppose 0*f = -2*f. Suppose -3*s + 4*s - 23 = f. List the prime factors of s.
23
Let k(c) = c**3 - 6*c**2 + 5*c - 1. Let v be k(4). Let r = -7 - v. Let q = r + -1. List the prime factors of q.
5
Suppose 0 = -10*o + 275 + 215. What are the prime factors of o?
7
Let s(w) = 3*w + 5. Let z be (-44)/(-12) - 2/(-6). List the prime factors of s(z).
17
Suppose 5*s - s = 8. List the prime factors of 8/s - (-7 + 5).
2, 3
What are the prime factors of 486/4 - (-24)/(-16)?
2, 3, 5
Suppose -6*b + 14 = -4*b + 4*o, b = 3*o + 2. Suppose b*t - 24 = t. List the prime factors of t.
2, 3
Let z = 4 - 6. Let j be (0 - -2)/z - -1. Suppose -4*n - 2*g + 23 + 17 = j, -5*n + 5*g + 80 = 0. List the prime factors of n.
2, 3
Let b be (1 + -1 + -2)*-4. List the prime factors of ((-20)/(-16))/(2/b).
5
Let d be 0 + 45/(-2 + 3). Suppose n - 4*n + d = 0. List the prime factors of n.
3, 5
Let k(c) = -c + 2. Let z be k(2). Suppose -2*m = p, -2*m - 6 - 10 = 5*p. List the prime factors of m + z - (1 - 11).
2, 3
List the prime factors of (-6)/4*5886/(-27).
3, 109
Let x = -22 + 64. Suppose u + d = -2*d + 31, -2*u - 2*d + x = 0. What are the prime factors of u?
2
Let u = 1 - -1. Let j = 42 - 39. What are the prime factors of (-12 - -1)*(u - j)?
11
Let s(f) = 2*f**2 + 4*f + 6. Suppose -4*m + 3*m = 3, -3*q - 5*m - 27 = 0. What are the prime factors of s(q)?
2, 11
Suppose -5*s + 162 = -3*h, -2*s + 3*s = -h + 26. List the prime factors of s.
2, 3, 5
Let k be -2 + (-15)/6*-2. Suppose 2 = k*u - 4. Suppose 27 = y + u*y. What are the prime factors of y?
3
Let a be 0/(-2